of k and 782?
34
Let f(l) = -l**2 - 9*l - 4. Let u be f(-9). Let x be (-437)/(-4) - 3/u. Let i(m) = 2*m - 4. Let q be i(7). What is the highest common divisor of x and q?
10
Let f = 25 - 24. Suppose -19 = -4*l + f. Suppose 0 = -2*j + 13 + 67. Calculate the greatest common factor of l and j.
5
Suppose -5*r = -8*r + 2*h + 33, 2*h + 44 = 4*r. What is the greatest common factor of 1 and r?
1
Suppose 5*c = -4*n + 92, -3*n + 28 = c - 30. Calculate the greatest common divisor of 36 and n.
18
Let f be 12/(-6)*5*-1. Suppose -12*i + f*i = -38. Calculate the highest common factor of i and 19.
19
Suppose -3 = -2*u - g, -3*g - 30 = -5*u + 2*g. Suppose u*s - 324 = -s. Suppose -o = 2*o - 27. Calculate the greatest common factor of o and s.
9
Let k be (-2)/7*35/(-10) + 33. Suppose 2*a - m - k = 0, 4*m + 8 = -8. Calculate the highest common divisor of 75 and a.
15
Suppose -4*d - 10 - 6 = 0. Let g be (-310)/d*8/4. Suppose 0 = 3*i - 236 + 50. Calculate the greatest common divisor of g and i.
31
Let i = -20 - -18. Let b be (3 - i)*2/10. Let n = 3 - -6. What is the greatest common factor of n and b?
1
Suppose m - 4*o = 2 + 22, -3*m = -3*o - 36. Let l(j) = -j**3 + 9*j**2 - 6*j. Let n be l(7). What is the highest common factor of m and n?
8
Suppose -12 - 8 = -5*g. Suppose w - 280 = -g*w. What is the highest common factor of 14 and w?
14
Let q(d) = 2*d**2 - 8. Let x be q(-6). Let m(n) = -2*n**2 - 7*n + 88. Let k be m(5). Suppose -k*a = -a - x. Calculate the greatest common divisor of 80 and a.
16
Suppose 4*l = -26 - 106. Let a be (-8)/6 + (-473)/l. Calculate the greatest common divisor of 117 and a.
13
Suppose -j + 22 = -5*u, u + 33 - 2 = 4*j. Let n = 4 + 3. Suppose -11*y = n - 238. Calculate the greatest common divisor of j and y.
7
Let s(i) = i**2 + 9*i - 8. Let c be s(-10). Let m be 18 + c/8*0. Calculate the highest common factor of m and 126.
18
Let s be 58/4 + 1/(-2). Let b = 955 - 941. Calculate the greatest common divisor of s and b.
14
Let w = 22 - 19. Let o(g) = -w*g + 0*g + 6*g + 10 - g. Let n be o(0). What is the greatest common factor of n and 2?
2
Let b = -124 + 278. What is the highest common factor of 14 and b?
14
Let d = -39 + 32. Let a(t) = -t**3 - 6*t**2 + 7*t + 1. Let g be a(d). Let f = -5 - -8. What is the greatest common factor of f and g?
1
Let k = 44 + -42. Suppose 0 = -t + k*t - 5*l - 2, -5*t + 10 = 4*l. Calculate the greatest common divisor of 8 and t.
2
Suppose 3 + 5 = c. Let n = -17 + c. Let g be 20*1 + n + 7. Calculate the highest common factor of 18 and g.
18
Suppose 7857 = -72*o + 75*o + 5*z, 2*o + z - 5245 = 0. Calculate the highest common divisor of 82 and o.
82
Let g(m) = -m**2 + 22*m - 6. Let j be g(16). Let o(q) = 4*q - 18. Let z be o(12). Calculate the greatest common divisor of j and z.
30
Suppose 0 = -6*f + 12802 - 3382. Calculate the highest common divisor of f and 20.
10
Suppose -5*p - 5 = 4*o - 253, p = 3*o + 42. Calculate the greatest common factor of p and 492.
12
Let l(r) = r - 2 + 2*r - r. Let s be l(8). What is the greatest common divisor of 2 and s?
2
Suppose 0 = 4*v - 1 - 3, -3 = -3*o - 3*v. Let f = o - -13. Let g = 16 - f. What is the greatest common divisor of g and 6?
3
Suppose -2*a + 8 = -2*f, -3*f - 19 = -4*a - 0*a. What is the highest common factor of 49 and a?
7
Let s be ((-1)/3)/((-1)/(-18)*-1). What is the highest common divisor of 66 and s?
6
Suppose -9 = 2*i - 3. Let z = i - -6. Suppose -2*l + z = -l, n - 2*l - 71 = 0. Calculate the highest common divisor of 7 and n.
7
Let h(l) = l**2 + 1. Let i be -5 - (-1 - 5/(15/(-9))). Let g be h(i). What is the highest common divisor of 20 and g?
10
Suppose 7*g = -9 + 114. Calculate the highest common divisor of g and 120.
15
Suppose u + 5 = 47. Let y(p) = p**2 + 2*p - 3. Let z be y(-3). Suppose -m + k + 2 + 2 = 0, z = 5*k - 10. What is the highest common divisor of m and u?
6
Suppose -168*m - 1840 = -178*m. Calculate the highest common factor of m and 12.
4
Suppose 21*y - 18*y - 21 = 0. Let c be -28*(3/12 + -3). Suppose c = -0*a + y*a. What is the highest common divisor of a and 11?
11
Let y(p) = 330*p + 63. Let k(o) = 132*o + 25. Let m(s) = -12*k(s) + 5*y(s). Let j be m(2). What is the greatest common factor of j and 21?
21
Let c be 11 - (5 + 2) - -19. What is the highest common divisor of 92 and c?
23
Suppose -4*g - 29 = -205. What is the highest common divisor of g and 36?
4
Suppose 0 = -0*l + 3*l. Let q be -2 - 8/(-2 + l). Calculate the greatest common divisor of q and 5.
1
Let p(i) = -9*i - 29. Suppose 0 = 4*h - 3*v + 25, 3*v = 2*h + 5 + 6. Let y be p(h). What is the greatest common factor of y and 34?
34
Suppose 3*w - 5*q + 237 = 0, 0*w = -3*w + q - 249. Let h = w - -231. What is the highest common divisor of 21 and h?
21
Let f = -9 + 12. Let u(b) = b**3 - b**2 - 2*b - 3. Let m be u(f). Suppose 11 + m = 2*p. Calculate the greatest common factor of 80 and p.
10
Let h = -342 + 159. Let o = 217 + h. Suppose -213 - 42 = -3*n. Calculate the greatest common factor of n and o.
17
Let l = 17 - -3. Let g(p) = -p**3 - 40*p**2 - 204*p + 50. Let r be g(-34). Calculate the highest common divisor of l and r.
10
Suppose 2*n = -2*t + 3*t - 74, 5*t = -n + 381. Let w be 27/(567/84)*57/2. Calculate the highest common divisor of t and w.
38
Let s = -268 - -533. What is the highest common divisor of s and 53?
53
Suppose 0 = -17*t - 7*t + 936. Let c be 19*2 - (-2 - -1). Calculate the greatest common factor of c and t.
39
Let v(n) = -n**2 + 29*n - 78. Let j be v(18). What is the highest common divisor of j and 540?
60
Let s = 25 - 22. Suppose -s*h + 138 = -54. What is the greatest common factor of h and 8?
8
Suppose -2*t = 5*t - 14. Suppose -4*p - 20 = 0, -t*d = -5*d - p + 16. Let j = 3 + -2. What is the greatest common factor of d and j?
1
Let o(y) = -y**3 - 3*y**2 - 2*y - 4. Let d be o(-3). Suppose 0 = -d*i + 186 + 24. What is the highest common divisor of 42 and i?
21
Let a = -657 + 678. What is the highest common factor of 48 and a?
3
Let a be (-150)/9 - (-2)/(-6). Let q be (-15 - a)*7/2. Calculate the greatest common factor of 21 and q.
7
Suppose -84 = -0*d - 2*d - 4*i, 5*d + 5*i - 225 = 0. Let u = 47 - -1. Suppose 5*y - 12 = u. Calculate the greatest common factor of y and d.
12
Let j be (2/3)/(2/18). Suppose 0 = j*v - 2*v - 200. Let p(h) = h + 14. Let q be p(6). What is the highest common factor of v and q?
10
Suppose b - 4*h - 15 = 6, -2*h = 5*b - 83. Calculate the highest common divisor of 119 and b.
17
Suppose i + 8 = 5*a, 58 = i + 3*i - 2*a. Suppose i + 16 = 3*s. Calculate the highest common divisor of s and 33.
11
Suppose 38*b - 81*b + 516 = 0. Let i(w) = 2*w**2 + 1. Let y be i(-1). What is the greatest common divisor of b and y?
3
Let r(g) = g - 25. Let c be r(20). Let v = 20 + c. Let s = -13 + 88. What is the highest common factor of v and s?
15
Let a be 1/(-2)*(-16 + -82). Suppose -7 = 3*g - a. Calculate the greatest common divisor of 7 and g.
7
Suppose j + 3 = 0, 4*f + j + 11 = -0*j. Let d be (-20)/(2 + 5/f). Calculate the highest common factor of 60 and d.
20
Let m be 5/7 - 2592/(-252). What is the highest common factor of 297 and m?
11
Suppose 324*l = 321*l + 432. Suppose 0 = -2*y - 0 + 4. Let p(s) = 3*s**2 + s + 2. Let k be p(y). What is the greatest common divisor of l and k?
16
Let f(d) = d**2 + 16*d - 41. Let q be f(-21). Calculate the greatest common divisor of 72 and q.
8
Let q(n) = -n**3 - 11*n**2 - 17*n - 1. Let g be q(-9). Let j be (-13 - g)/(0 + (-3)/176). Calculate the greatest common divisor of j and 16.
16
Let j = -131 + 194. Calculate the highest common factor of 42 and j.
21
Let n be 62/2 - (-244)/122. Calculate the greatest common factor of n and 121.
11
Suppose 0 = -120*n + 70783 - 9943. Calculate the greatest common divisor of n and 78.
39
Let y(j) = -j**3 - 15*j**2 + 6*j - 27. Let k be y(-16). Let f = -61 + k. Let r be 3*(0 + 16/6). What is the greatest common divisor of f and r?
8
Suppose -68*n + 65*n = -9. Suppose -n*j + 274 = 4*r, -5*r + j + 518 = 166. What is the greatest common factor of 35 and r?
35
Let g be (-1 + 2/(-4))*-20. Let x be (5/(-1 + 2))/(90/270). What is the highest common divisor of g and x?
15
Let o = -41 + 95. Let z = -702 + 708. What is the highest common factor of z and o?
6
Let t(q) = -q**3 - 3*q - 4. Let k(u) = 4*u**3 + 